37867 + -6373. What is the units digit of h?
4
Let w = -29 - -29. Suppose w = 3*a - 119 - 163. What is the tens digit of a?
9
Let r be (-77)/(-11) + ((-2)/1 - -2). Let w be (-34)/4*2/(-1). Suppose 32 = r*g - w. What is the units digit of g?
7
What is the tens digit of (2 + (-1)/((-2)/28289))/((-957)/(-638))?
3
Suppose 9*z - 5*z - 5*w = 3878, 3*z - 2937 = -w. What is the units digit of z?
7
Let j(v) = v**3 + 2*v**2 - 2*v + 12. Let k be j(0). Suppose -q + k = 5*q. What is the tens digit of (-232)/(-6)*(5 + 1)/q?
1
Suppose l + 836 = -3*l. Let n = l + 825. What is the hundreds digit of n?
6
Suppose 0 = -7*v - 5*v + 300. Suppose 5*m - v = -2*q, -3 = -q + m - 1. Suppose -592 = -q*w + 2*n, -w - n - n = -116. What is the tens digit of w?
1
Let t(o) = 9*o**2 - 6*o - 21. Let m(b) = -18*b**2 + 15*b + 41. Let s(u) = 2*m(u) + 5*t(u). What is the units digit of s(-5)?
2
Let b = 77209 + -51760. What is the units digit of b?
9
Let r(i) = i**3 + 2*i**2 - 2*i - 17. Let d be r(-3). What is the hundreds digit of (((-144)/d)/6)/(12/6270)?
6
Let l = 121 - 75. Let q(m) = 31 + l + 109 + 5*m. What is the hundreds digit of q(0)?
1
Let g(i) = 46*i**2 + 4*i - 997. What is the hundreds digit of g(-21)?
2
Let q(d) = 1620*d**2 + 9*d + 14. What is the units digit of q(-2)?
6
Suppose -54 = -4*a - 5*a. Suppose a*l - 3*n - 3934 = l, 3*n + 3149 = 4*l. What is the units digit of l?
5
Let g(r) = 286*r + 3000. What is the thousands digit of g(103)?
2
Let c = -29 + 42. Let i be ((-8)/(-52) - (-11)/c)*132. Suppose 3*b - 5*b = -i. What is the tens digit of b?
6
Let h be (-94)/8 - 45/(-60). What is the units digit of (-946)/h - (1 - 7)?
2
Let u(w) = w**3 + 2*w. Let c(l) = -10*l**3 + 6*l**2 - 10*l + 40. Let m(f) = -c(f) - 12*u(f). What is the hundreds digit of m(-9)?
0
Let q be (4 + -6)*3 - 969. Let k = q + 1727. What is the hundreds digit of k?
7
Let s(x) be the third derivative of 0 + 0*x + 7/8*x**4 - 1/60*x**5 - 30*x**2 - 23/6*x**3. What is the tens digit of s(14)?
7
Let n = 234 + 2519. What is the tens digit of n?
5
Let w(r) = -r + 11. Let k(d) = -3*d**3 - 2*d**2 + 2*d - 1. Let m be k(1). Let x be w(m). Suppose 12*i - x*i + 240 = 0. What is the units digit of i?
0
Let b be 1/(1/(-3)*(-3)/3). Suppose -5*s + 89 = 2*c, -c + 5*c = -b*s + 59. Let p = s - -79. What is the tens digit of p?
9
Suppose 3*n + 174 = 5*l, 5*l = n + 4*n + 170. What is the tens digit of 28/4*(l - (3 + -4))?
5
Let t = 8180 - 3399. What is the thousands digit of t?
4
Let u(a) = 3*a**2 + 95*a + 172. What is the units digit of u(60)?
2
Let t(y) = -y**2 - 3*y + 14. Let k be t(-14). Let g be -20*7/(k/(-16)). Let j(w) = -w**2 - 17*w + 8. What is the tens digit of j(g)?
2
Let f be (-3)/(166/(-32) + 5) - 1. What is the units digit of (-3 - (-4332)/f) + (-4)/5?
5
Let t = -6686 + 3596. What is the hundreds digit of (t/(-4))/5 - (-6)/12?
1
Suppose 3*m - 3*r - 426 = 0, -m - 5*r + 107 = -17. Suppose -137*f - 994 = -m*f. What is the tens digit of f?
9
Let d be 142/12 + 140/(-168). Suppose 5*k - 13*n - 1618 = -d*n, -3*n - 321 = -k. What is the units digit of k?
4
What is the units digit of 2 + 8 - 17 - -24200?
3
What is the tens digit of 6/(-4)*216888/(-252)?
9
Suppose 0 = -2*q + 3*u + 7629, -4*q = 3*u - 11731 - 3536. What is the hundreds digit of q?
8
Suppose -56*n + 33*n - 280649 = -1400542. What is the ten thousands digit of n?
4
What is the units digit of (2*(-4)/(-64))/((-12)/(-2863968))?
3
Let a be 2*(5 + 148 + 3 - -3). Let z(r) = -r**2 - r. Let c be z(0). Suppose 7*j - a - 165 = c. What is the units digit of j?
9
Suppose -4*q + 32 = 2*y + 2*y, 2*y + 4 = 2*q. What is the units digit of (y - 10)*(-180)/14?
0
Let y(b) = -b**3 + 10*b**2 + 5*b + 11. Let t be y(8). Suppose -2*x = -3*g + t + 91, 3*x + 4*g = -439. Let q = x + 229. What is the units digit of q?
8
Let a(u) = 15*u**2 + 13*u - 6. Let r be a(6). Let h be -3 + 0 + (r - 18). Suppose 0 = -2*g + 3*x + 2*x + 210, 4*x = -5*g + h. What is the units digit of g?
5
Let u be 21/(-9)*(-2 - (5 - 4)). Suppose -4*d - 4*k + 1141 = -u*k, -d + 3*k = -283. What is the tens digit of d?
8
Suppose 0 = s - 2*s + 5*t + 257, 2*s - 556 = -4*t. Let f = s - 59. Let k = f + -120. What is the tens digit of k?
9
Let l(d) = 2788*d + 936. What is the ten thousands digit of l(4)?
1
Let q = -2338 + 1316. Let i = q + 1472. What is the tens digit of i?
5
Suppose -3*u - 31 = 4*t - 6, 0 = 2*t + u + 15. Let h = -14 - t. What is the hundreds digit of h/3*1161/(-6)?
2
Let p(d) = 386*d**3 + 2*d**2 + d - 2. Let h be p(1). Let z = h + -58. What is the tens digit of z?
2
Let d be 33/2*16/24 - 6. Let r(v) = -7*v**2 + 13*v + 1. Let m(w) = -w + 1. Let s(a) = -m(a) - r(a). What is the tens digit of s(d)?
1
Let g(r) = 10*r + 26. Let w be g(6). Let h = w - -50. Suppose -5*n = -h - 79. What is the tens digit of n?
4
Suppose -11 = -m - 3*y, -4*m = -0*m + y - 33. Suppose -3*k - 85 = -m*k. What is the units digit of k?
7
What is the ten thousands digit of 11386 - 14/42*-21?
1
Let j(k) = 124*k + 1851. What is the hundreds digit of j(16)?
8
Let t = -29 - -31. Suppose m = -3*a + 51, 4*a - t*a - 82 = -2*m. Let h = 95 - m. What is the units digit of h?
9
Let y = 96 - -708. What is the units digit of y?
4
Suppose 2 = o - 0. Suppose -5*f + o*f = 4*j + 18, 0 = 2*j + f + 8. Let z(v) = -43*v + 9. What is the units digit of z(j)?
8
Let t = 12555 + -8198. What is the hundreds digit of t?
3
Let x be ((-44)/10 + 0)*-10. Let j be (-96)/(-384) + 2/((-24)/(-561)). Let a = j - x. What is the units digit of a?
3
Let q = -23 - -34. Let t(j) = -j**2 + 41*j + 18. What is the units digit of t(q)?
8
Let z = 119 + -125. What is the tens digit of (-8)/z - 7734/(-18)?
3
Suppose 50*w + 72 = 58*w. Suppose 0 = -w*m + 11990 - 3440. What is the hundreds digit of m?
9
Let k be (-23 - -26)/(3/2). Let d = 16 - -27. Suppose k*h = 2*c + 50, -8*c + 3*c = h - d. What is the tens digit of h?
2
Let h(r) = -69*r - 93. Let f be h(-7). Suppose -g + f = 5*g. What is the tens digit of g?
6
Let j = -10 + 406. Suppose -2*a = -j - 54. What is the tens digit of a?
2
Suppose -10*g - 20 = -n - 6*g, -5*n + 2*g = -28. Suppose n*r - 16 = 0, 5*a - 65 = 2*a + r. What is the tens digit of a?
2
Suppose 92*p + 35075 = 35416 + 506395. What is the units digit of p?
8
What is the hundreds digit of (-220)/(-2090) + (-125721)/(-19)?
6
Let c be (9/9)/(-1 + 0). Let i be (7 + -8)/(1*c/(-5)). Let b(o) = -29*o + 40. What is the units digit of b(i)?
5
Let d be (-1 - 3)*(-4 + 44/8). Let h be d/(-4) - 77/14. What is the hundreds digit of (-1138)/(-4) + h/8 - 2?
2
Let r(m) = 22*m + 7. Let h be r(-19). Let n = -78 - h. What is the tens digit of n?
3
Suppose -52*c = -47*c - 345. Suppose -c = -8*j - 21. Suppose -322 = -j*t + 26. What is the tens digit of t?
5
Suppose 3*p - 3272 = -4*s, -3*p = -6*p + 4*s + 3280. Suppose -p - 1778 = -7*c. What is the units digit of c?
0
Suppose 5*u = 5*n - 10, -14*u = 5*n - 9*u - 50. What is the units digit of 43928/(-114)*n/(-4)?
8
Let v = -179 - -29. Let h = 162 + v. What is the tens digit of h?
1
Let x(z) = -3*z**3 - 6*z**2 + 3*z - 17. Let v be x(-5). Suppose -v*u + 141 = -190*u. What is the tens digit of u?
4
Let t(h) = -13*h**3 - 3*h**2 + 5*h - 7. Let g(m) = 26*m**3 + 7*m**2 - 11*m + 13. Let s(x) = 3*g(x) + 5*t(x). What is the units digit of s(3)?
5
Suppose 0 = 4*j - 157 - 171. Let f = -516 - -532. Let q = f + j. What is the units digit of q?
8
Let c = -322 + 318. What is the units digit of -4 + (c/10)/(40/(-81100))?
7
Let m = -8 - 8. Let s(l) = 23*l**2 - 19*l - 32. Let v(f) = 19*f**2 - 19*f - 32. Let p(t) = -5*s(t) + 6*v(t). What is the units digit of p(m)?
6
Let h = -233 + 235. Suppose h*d = -309 + 1307. What is the hundreds digit of d?
4
Suppose 2*b - 1695 = -5*y, 34*b - 1722 = 32*b + 4*y. What is the hundreds digit of b?
8
Suppose -3*t = 3*t - 4*t - 24988. What is the thousands digit of t?
2
Suppose 4*o = -q + 1885, 3*q = -2*o + 1235 + 4360. What is the tens digit of q?
6
Suppose -5*p + 13 = 268. What is the units digit of (17/p)/((-1)/1005)?
5
What is the tens digit of -203 - -7652 - (-1 - 2)?
5
Suppose -3*l = -3*m - 26400, 0 = -l + 5*m + 8397 + 423. What is the thousands digit of l?
8
Let q be ((-255)/(-102))/((0 - 1)/(-2)). Suppose -3*g + g = -s + 832, -3*s - q*g + 2452 = 0. What is the tens digit of s?
2
Let m(w) = w**3 + 2*w - 3. Suppose -14*i + 15*